{"id":6,"date":"2011-10-24T13:46:21","date_gmt":"2011-10-24T13:46:21","guid":{"rendered":"http:\/\/sbhif.no\/public_html\/?page_id=6"},"modified":"2011-10-24T18:17:23","modified_gmt":"2011-10-24T18:17:23","slug":"boccia","status":"publish","type":"page","link":"http:\/\/sbhif.no\/public_html\/?page_id=6","title":{"rendered":"Boccia"},"content":{"rendered":"<p>Boccia kan spilles individuelt eller med lag p\u00e5 2 eller 3 spillere.<\/p>\n<p>M\u00e5let er \u00e5 kaste \u00a0l\u00e6rballer og komme n\u00e6rmest mulig en hvit ball, som gjerne kalles m\u00e5lballen (eng: Jack). Konkurrentene har hver sin farge p\u00e5 ballene; r\u00f8d eller bl\u00e5. Hvem som skal kaste f\u00f8rst avgj\u00f8res ved \u00e5 kaste mynt og kron.<\/p>\n<p>M\u00e5lballen kastes f\u00f8rst, deretter kaster samme person en ball til. S\u00e5 kaster en person p\u00e5 det andre laget ut en ball. Laget som har ballen sin lengst borte fra den hvite ma\u00e5lballen fortsetter til de er n\u00e6rmest. Ballen kan kastes eller skyves med foten, og dersom en ut\u00f8ver er spesielt handicappet kan han benytte en bocciarenne. Dersom ut\u00f8veren trenger en assistent for \u00e5 bruke bocciarennen, skal denne assistenten st\u00e5 med ryggen mot banen, slik at denne ikke kan hjelpe ut\u00f8veren.<\/p>\n<p>Etter hver runde telles poengene opp, og vinneren gis ett poeng per ball som er n\u00e6rmere m\u00e5lballen enn motstanderens n\u00e6rmeste ball. Laget eller spilleren som har flest poeng sammenlagt etter alle rundene, vinner kampen.<\/p>\n<p>I individuelle konkurranser skal det spilles 4 runder og 6 baller per spiller per runde. I parspill skal det spilles 4 runder og 6 baller per par per runde (3 per spiller). I lagspill skal det spilles 6 runder og 6 baller per lag per runde (2 per spiller).<\/p>\n","protected":false},"excerpt":{"rendered":"<p>Boccia kan spilles individuelt eller med lag p\u00e5 2 eller 3 spillere. M\u00e5let er \u00e5 kaste \u00a0l\u00e6rballer og komme n\u00e6rmest mulig en hvit ball, som gjerne kalles m\u00e5lballen (eng: Jack). Konkurrentene har hver sin farge p\u00e5 ballene; r\u00f8d eller bl\u00e5. Hvem som skal kaste f\u00f8rst avgj\u00f8res ved \u00e5 kaste mynt og kron. M\u00e5lballen kastes f\u00f8rst, [&hellip;]<\/p>\n","protected":false},"author":2,"featured_media":0,"parent":0,"menu_order":2,"comment_status":"closed","ping_status":"open","template":"","meta":{"ngg_post_thumbnail":0},"yoast_head":"<!-- This site is optimized with the Yoast SEO plugin v19.13 - https:\/\/yoast.com\/wordpress\/plugins\/seo\/ -->\n<title>Boccia - Sarpsborg Boccia og Teppecurlingklubb<\/title>\n<meta name=\"robots\" content=\"index, follow, max-snippet:-1, max-image-preview:large, max-video-preview:-1\" \/>\n<link rel=\"canonical\" href=\"http:\/\/sbhif.no\/public_html\/?page_id=6\" \/>\n<meta property=\"og:locale\" content=\"nb_NO\" \/>\n<meta property=\"og:type\" content=\"article\" \/>\n<meta property=\"og:title\" content=\"Boccia - Sarpsborg Boccia og Teppecurlingklubb\" \/>\n<meta property=\"og:description\" content=\"Boccia kan spilles individuelt eller med lag p\u00e5 2 eller 3 spillere. M\u00e5let er \u00e5 kaste \u00a0l\u00e6rballer og komme n\u00e6rmest mulig en hvit ball, som gjerne kalles m\u00e5lballen (eng: Jack). Konkurrentene har hver sin farge p\u00e5 ballene; r\u00f8d eller bl\u00e5. Hvem som skal kaste f\u00f8rst avgj\u00f8res ved \u00e5 kaste mynt og kron. M\u00e5lballen kastes f\u00f8rst, [&hellip;]\" \/>\n<meta property=\"og:url\" content=\"http:\/\/sbhif.no\/public_html\/?page_id=6\" \/>\n<meta property=\"og:site_name\" content=\"Sarpsborg Boccia og Teppecurlingklubb\" \/>\n<meta property=\"article:modified_time\" content=\"2011-10-24T18:17:23+00:00\" \/>\n<meta name=\"twitter:label1\" content=\"Ansl. lesetid\" \/>\n\t<meta name=\"twitter:data1\" content=\"1 minutt\" \/>\n<script type=\"application\/ld+json\" class=\"yoast-schema-graph\">{\"@context\":\"https:\/\/schema.org\",\"@graph\":[{\"@type\":\"WebPage\",\"@id\":\"http:\/\/sbhif.no\/public_html\/?page_id=6\",\"url\":\"http:\/\/sbhif.no\/public_html\/?page_id=6\",\"name\":\"Boccia - Sarpsborg Boccia og Teppecurlingklubb\",\"isPartOf\":{\"@id\":\"http:\/\/sbhif.no\/public_html\/#website\"},\"datePublished\":\"2011-10-24T13:46:21+00:00\",\"dateModified\":\"2011-10-24T18:17:23+00:00\",\"breadcrumb\":{\"@id\":\"http:\/\/sbhif.no\/public_html\/?page_id=6#breadcrumb\"},\"inLanguage\":\"nb-NO\",\"potentialAction\":[{\"@type\":\"ReadAction\",\"target\":[\"http:\/\/sbhif.no\/public_html\/?page_id=6\"]}]},{\"@type\":\"BreadcrumbList\",\"@id\":\"http:\/\/sbhif.no\/public_html\/?page_id=6#breadcrumb\",\"itemListElement\":[{\"@type\":\"ListItem\",\"position\":1,\"name\":\"Hjem\",\"item\":\"http:\/\/sbhif.no\/public_html\"},{\"@type\":\"ListItem\",\"position\":2,\"name\":\"Boccia\"}]},{\"@type\":\"WebSite\",\"@id\":\"http:\/\/sbhif.no\/public_html\/#website\",\"url\":\"http:\/\/sbhif.no\/public_html\/\",\"name\":\"Sarpsborg Boccia og Teppecurlingklubb\",\"description\":\"\",\"potentialAction\":[{\"@type\":\"SearchAction\",\"target\":{\"@type\":\"EntryPoint\",\"urlTemplate\":\"http:\/\/sbhif.no\/public_html\/?s={search_term_string}\"},\"query-input\":\"required name=search_term_string\"}],\"inLanguage\":\"nb-NO\"}]}<\/script>\n<!-- \/ Yoast SEO plugin. -->","yoast_head_json":{"title":"Boccia - Sarpsborg Boccia og Teppecurlingklubb","robots":{"index":"index","follow":"follow","max-snippet":"max-snippet:-1","max-image-preview":"max-image-preview:large","max-video-preview":"max-video-preview:-1"},"canonical":"http:\/\/sbhif.no\/public_html\/?page_id=6","og_locale":"nb_NO","og_type":"article","og_title":"Boccia - Sarpsborg Boccia og Teppecurlingklubb","og_description":"Boccia kan spilles individuelt eller med lag p\u00e5 2 eller 3 spillere. M\u00e5let er \u00e5 kaste \u00a0l\u00e6rballer og komme n\u00e6rmest mulig en hvit ball, som gjerne kalles m\u00e5lballen (eng: Jack). Konkurrentene har hver sin farge p\u00e5 ballene; r\u00f8d eller bl\u00e5. Hvem som skal kaste f\u00f8rst avgj\u00f8res ved \u00e5 kaste mynt og kron. M\u00e5lballen kastes f\u00f8rst, [&hellip;]","og_url":"http:\/\/sbhif.no\/public_html\/?page_id=6","og_site_name":"Sarpsborg Boccia og Teppecurlingklubb","article_modified_time":"2011-10-24T18:17:23+00:00","twitter_misc":{"Ansl. lesetid":"1 minutt"},"schema":{"@context":"https:\/\/schema.org","@graph":[{"@type":"WebPage","@id":"http:\/\/sbhif.no\/public_html\/?page_id=6","url":"http:\/\/sbhif.no\/public_html\/?page_id=6","name":"Boccia - Sarpsborg Boccia og Teppecurlingklubb","isPartOf":{"@id":"http:\/\/sbhif.no\/public_html\/#website"},"datePublished":"2011-10-24T13:46:21+00:00","dateModified":"2011-10-24T18:17:23+00:00","breadcrumb":{"@id":"http:\/\/sbhif.no\/public_html\/?page_id=6#breadcrumb"},"inLanguage":"nb-NO","potentialAction":[{"@type":"ReadAction","target":["http:\/\/sbhif.no\/public_html\/?page_id=6"]}]},{"@type":"BreadcrumbList","@id":"http:\/\/sbhif.no\/public_html\/?page_id=6#breadcrumb","itemListElement":[{"@type":"ListItem","position":1,"name":"Hjem","item":"http:\/\/sbhif.no\/public_html"},{"@type":"ListItem","position":2,"name":"Boccia"}]},{"@type":"WebSite","@id":"http:\/\/sbhif.no\/public_html\/#website","url":"http:\/\/sbhif.no\/public_html\/","name":"Sarpsborg Boccia og Teppecurlingklubb","description":"","potentialAction":[{"@type":"SearchAction","target":{"@type":"EntryPoint","urlTemplate":"http:\/\/sbhif.no\/public_html\/?s={search_term_string}"},"query-input":"required name=search_term_string"}],"inLanguage":"nb-NO"}]}},"_links":{"self":[{"href":"http:\/\/sbhif.no\/public_html\/index.php?rest_route=\/wp\/v2\/pages\/6"}],"collection":[{"href":"http:\/\/sbhif.no\/public_html\/index.php?rest_route=\/wp\/v2\/pages"}],"about":[{"href":"http:\/\/sbhif.no\/public_html\/index.php?rest_route=\/wp\/v2\/types\/page"}],"author":[{"embeddable":true,"href":"http:\/\/sbhif.no\/public_html\/index.php?rest_route=\/wp\/v2\/users\/2"}],"replies":[{"embeddable":true,"href":"http:\/\/sbhif.no\/public_html\/index.php?rest_route=%2Fwp%2Fv2%2Fcomments&post=6"}],"version-history":[{"count":5,"href":"http:\/\/sbhif.no\/public_html\/index.php?rest_route=\/wp\/v2\/pages\/6\/revisions"}],"predecessor-version":[{"id":37,"href":"http:\/\/sbhif.no\/public_html\/index.php?rest_route=\/wp\/v2\/pages\/6\/revisions\/37"}],"wp:attachment":[{"href":"http:\/\/sbhif.no\/public_html\/index.php?rest_route=%2Fwp%2Fv2%2Fmedia&parent=6"}],"curies":[{"name":"wp","href":"https:\/\/api.w.org\/{rel}","templated":true}]}}