{"id":1102,"date":"2014-10-26T11:24:21","date_gmt":"2014-10-26T10:24:21","guid":{"rendered":"http:\/\/sbhif.no\/public_html\/?page_id=1102"},"modified":"2014-10-26T11:24:21","modified_gmt":"2014-10-26T10:24:21","slug":"resultater-teppecurling-2014","status":"publish","type":"page","link":"http:\/\/sbhif.no\/public_html\/?page_id=1102","title":{"rendered":"Resultater teppecurling 2014"},"content":{"rendered":"<p><strong>SARPESTEN<\/strong><\/p>\n<table style=\"height: 175px; width: 498px;\" width=\"717\">\n<tbody>\n<tr>\n<td>\u00a0Lag herrer klasse 1<\/td>\n<td>\u00a0Nr. 2<\/td>\n<td>\u00a0Sarpsborg 3<\/td>\n<\/tr>\n<tr>\n<td>\u00a0Lag damer \u00e5pen klasse<\/td>\n<td>\u00a0Nr. 4<\/td>\n<td>\u00a0Sarpsborg 2<\/td>\n<\/tr>\n<tr>\n<td><\/td>\n<td><\/td>\n<td><\/td>\n<\/tr>\n<tr>\n<td>Individuellt damer \u00e5pen klasse<\/td>\n<td>Nr. 2<\/td>\n<td>Kari \u00d8stby<\/td>\n<\/tr>\n<tr>\n<td><\/td>\n<td>Nr. 5<\/td>\n<td>Vigdis Bruun<\/td>\n<\/tr>\n<tr>\n<td><\/td>\n<td>Nr. 8<\/td>\n<td>Solbj\u00f8rg Karlsen<\/td>\n<\/tr>\n<tr>\n<td>Individuellt herrer klasse 1<\/td>\n<td>Nr. 2<\/td>\n<td>Rolf Larsen<\/td>\n<\/tr>\n<\/tbody>\n<\/table>\n","protected":false},"excerpt":{"rendered":"<p>SARPESTEN \u00a0Lag herrer klasse 1 \u00a0Nr. 2 \u00a0Sarpsborg 3 \u00a0Lag damer \u00e5pen klasse \u00a0Nr. 4 \u00a0Sarpsborg 2 Individuellt damer \u00e5pen klasse Nr. 2 Kari \u00d8stby Nr. 5 Vigdis Bruun Nr. 8 Solbj\u00f8rg Karlsen Individuellt herrer klasse 1 Nr. 2 Rolf Larsen<\/p>\n","protected":false},"author":2,"featured_media":0,"parent":0,"menu_order":0,"comment_status":"open","ping_status":"open","template":"","meta":{"ngg_post_thumbnail":0},"yoast_head":"<!-- This site is optimized with the Yoast SEO plugin v19.13 - https:\/\/yoast.com\/wordpress\/plugins\/seo\/ -->\n<title>Resultater teppecurling 2014 - Sarpsborg Boccia og Teppecurlingklubb<\/title>\n<meta name=\"robots\" content=\"index, follow, max-snippet:-1, max-image-preview:large, max-video-preview:-1\" \/>\n<link rel=\"canonical\" href=\"http:\/\/sbhif.no\/public_html\/?page_id=1102\" \/>\n<meta property=\"og:locale\" content=\"nb_NO\" \/>\n<meta property=\"og:type\" content=\"article\" \/>\n<meta property=\"og:title\" content=\"Resultater teppecurling 2014 - Sarpsborg Boccia og Teppecurlingklubb\" \/>\n<meta property=\"og:description\" content=\"SARPESTEN \u00a0Lag herrer klasse 1 \u00a0Nr. 2 \u00a0Sarpsborg 3 \u00a0Lag damer \u00e5pen klasse \u00a0Nr. 4 \u00a0Sarpsborg 2 Individuellt damer \u00e5pen klasse Nr. 2 Kari \u00d8stby Nr. 5 Vigdis Bruun Nr. 8 Solbj\u00f8rg Karlsen Individuellt herrer klasse 1 Nr. 2 Rolf Larsen\" \/>\n<meta property=\"og:url\" content=\"http:\/\/sbhif.no\/public_html\/?page_id=1102\" \/>\n<meta property=\"og:site_name\" content=\"Sarpsborg Boccia og Teppecurlingklubb\" \/>\n<script type=\"application\/ld+json\" class=\"yoast-schema-graph\">{\"@context\":\"https:\/\/schema.org\",\"@graph\":[{\"@type\":\"WebPage\",\"@id\":\"http:\/\/sbhif.no\/public_html\/?page_id=1102\",\"url\":\"http:\/\/sbhif.no\/public_html\/?page_id=1102\",\"name\":\"Resultater teppecurling 2014 - Sarpsborg Boccia og Teppecurlingklubb\",\"isPartOf\":{\"@id\":\"http:\/\/sbhif.no\/public_html\/#website\"},\"datePublished\":\"2014-10-26T10:24:21+00:00\",\"dateModified\":\"2014-10-26T10:24:21+00:00\",\"breadcrumb\":{\"@id\":\"http:\/\/sbhif.no\/public_html\/?page_id=1102#breadcrumb\"},\"inLanguage\":\"nb-NO\",\"potentialAction\":[{\"@type\":\"ReadAction\",\"target\":[\"http:\/\/sbhif.no\/public_html\/?page_id=1102\"]}]},{\"@type\":\"BreadcrumbList\",\"@id\":\"http:\/\/sbhif.no\/public_html\/?page_id=1102#breadcrumb\",\"itemListElement\":[{\"@type\":\"ListItem\",\"position\":1,\"name\":\"Hjem\",\"item\":\"http:\/\/sbhif.no\/public_html\"},{\"@type\":\"ListItem\",\"position\":2,\"name\":\"Resultater teppecurling 2014\"}]},{\"@type\":\"WebSite\",\"@id\":\"http:\/\/sbhif.no\/public_html\/#website\",\"url\":\"http:\/\/sbhif.no\/public_html\/\",\"name\":\"Sarpsborg Boccia og Teppecurlingklubb\",\"description\":\"\",\"potentialAction\":[{\"@type\":\"SearchAction\",\"target\":{\"@type\":\"EntryPoint\",\"urlTemplate\":\"http:\/\/sbhif.no\/public_html\/?s={search_term_string}\"},\"query-input\":\"required name=search_term_string\"}],\"inLanguage\":\"nb-NO\"}]}<\/script>\n<!-- \/ Yoast SEO plugin. -->","yoast_head_json":{"title":"Resultater teppecurling 2014 - Sarpsborg Boccia og Teppecurlingklubb","robots":{"index":"index","follow":"follow","max-snippet":"max-snippet:-1","max-image-preview":"max-image-preview:large","max-video-preview":"max-video-preview:-1"},"canonical":"http:\/\/sbhif.no\/public_html\/?page_id=1102","og_locale":"nb_NO","og_type":"article","og_title":"Resultater teppecurling 2014 - Sarpsborg Boccia og Teppecurlingklubb","og_description":"SARPESTEN \u00a0Lag herrer klasse 1 \u00a0Nr. 2 \u00a0Sarpsborg 3 \u00a0Lag damer \u00e5pen klasse \u00a0Nr. 4 \u00a0Sarpsborg 2 Individuellt damer \u00e5pen klasse Nr. 2 Kari \u00d8stby Nr. 5 Vigdis Bruun Nr. 8 Solbj\u00f8rg Karlsen Individuellt herrer klasse 1 Nr. 2 Rolf Larsen","og_url":"http:\/\/sbhif.no\/public_html\/?page_id=1102","og_site_name":"Sarpsborg Boccia og Teppecurlingklubb","schema":{"@context":"https:\/\/schema.org","@graph":[{"@type":"WebPage","@id":"http:\/\/sbhif.no\/public_html\/?page_id=1102","url":"http:\/\/sbhif.no\/public_html\/?page_id=1102","name":"Resultater teppecurling 2014 - Sarpsborg Boccia og Teppecurlingklubb","isPartOf":{"@id":"http:\/\/sbhif.no\/public_html\/#website"},"datePublished":"2014-10-26T10:24:21+00:00","dateModified":"2014-10-26T10:24:21+00:00","breadcrumb":{"@id":"http:\/\/sbhif.no\/public_html\/?page_id=1102#breadcrumb"},"inLanguage":"nb-NO","potentialAction":[{"@type":"ReadAction","target":["http:\/\/sbhif.no\/public_html\/?page_id=1102"]}]},{"@type":"BreadcrumbList","@id":"http:\/\/sbhif.no\/public_html\/?page_id=1102#breadcrumb","itemListElement":[{"@type":"ListItem","position":1,"name":"Hjem","item":"http:\/\/sbhif.no\/public_html"},{"@type":"ListItem","position":2,"name":"Resultater teppecurling 2014"}]},{"@type":"WebSite","@id":"http:\/\/sbhif.no\/public_html\/#website","url":"http:\/\/sbhif.no\/public_html\/","name":"Sarpsborg Boccia og Teppecurlingklubb","description":"","potentialAction":[{"@type":"SearchAction","target":{"@type":"EntryPoint","urlTemplate":"http:\/\/sbhif.no\/public_html\/?s={search_term_string}"},"query-input":"required name=search_term_string"}],"inLanguage":"nb-NO"}]}},"_links":{"self":[{"href":"http:\/\/sbhif.no\/public_html\/index.php?rest_route=\/wp\/v2\/pages\/1102"}],"collection":[{"href":"http:\/\/sbhif.no\/public_html\/index.php?rest_route=\/wp\/v2\/pages"}],"about":[{"href":"http:\/\/sbhif.no\/public_html\/index.php?rest_route=\/wp\/v2\/types\/page"}],"author":[{"embeddable":true,"href":"http:\/\/sbhif.no\/public_html\/index.php?rest_route=\/wp\/v2\/users\/2"}],"replies":[{"embeddable":true,"href":"http:\/\/sbhif.no\/public_html\/index.php?rest_route=%2Fwp%2Fv2%2Fcomments&post=1102"}],"version-history":[{"count":3,"href":"http:\/\/sbhif.no\/public_html\/index.php?rest_route=\/wp\/v2\/pages\/1102\/revisions"}],"predecessor-version":[{"id":1105,"href":"http:\/\/sbhif.no\/public_html\/index.php?rest_route=\/wp\/v2\/pages\/1102\/revisions\/1105"}],"wp:attachment":[{"href":"http:\/\/sbhif.no\/public_html\/index.php?rest_route=%2Fwp%2Fv2%2Fmedia&parent=1102"}],"curies":[{"name":"wp","href":"https:\/\/api.w.org\/{rel}","templated":true}]}}